der when w/21 + 2/(-6) is divided by 5?
4
Let n(w) = 20*w - 13. Calculate the remainder when n(3) is divided by 16.
15
Suppose -2*l + 103 = 3. Let c(b) = -5*b - 2. What is the remainder when l is divided by c(-3)?
11
Let l be 2/(-5) + 132/5. Suppose -2*m + l = 3*u, 2*m - 3*u - 41 = -15. Let h = 38 + -14. What is the remainder when h is divided by m?
11
Let f(r) = -2*r + 1. Let v be f(-5). Let d = -1 + v. Calculate the remainder when d is divided by (-24)/(-3) - (2 - -2).
2
Suppose 3 = -3*k, -4*m - 2*k = -3*k - 9. Let t(f) = 2*f + 12. What is the remainder when t(-5) is divided by m?
0
Let l(w) = -11*w**3 + 2*w + 2. Suppose 0 = -g - 5*y + 25, 2*g = 5*y - 1 - 9. Calculate the remainder when ((-2)/g)/((-1)/50) is divided by l(-1).
9
Let d(n) = 8*n + 3. Suppose -20 = -2*w - 3*w. Calculate the remainder when d(w) is divided by 4*5/2 + 2.
11
Let r(v) = -11*v - 2. What is the remainder when r(-2) is divided by 8?
4
Let a(j) = -j**3 + 9*j**2 + 3*j - 20. What is the remainder when a(6) is divided by 27?
25
Let z = -7 - -13. Calculate the remainder when (32/z)/(3/18) is divided by 11.
10
Suppose -4*c + 39 = -41. What is the remainder when 38 is divided by c?
18
Suppose 2*u = 2*f - 4, u + u = 5*f - 22. Suppose -f*s + 195 = -s. What is the remainder when s is divided by 10?
9
Let k(b) = 3*b + 3. Let v be k(3). Let y = v + -7. What is the remainder when 17 is divided by ((-2)/y)/(2/(-30))?
5
Suppose 10 = 2*w - 0. Let t = 39 - 25. Calculate the remainder when t is divided by w.
4
Let a be (2 + -1)/(1/23). What is the remainder when a - (1 + (1 - 2)) is divided by 112/18 - 2/9?
5
Let a = -37 + 68. What is the remainder when a is divided by 3/(6/(-11))*-2?
9
Suppose 8*b = 2*y + 4*b + 2, 3*y = -5*b + 41. Calculate the remainder when y is divided by 2.
1
Let j be 1/(0 + 1)*-22. Let h = 1 - j. Calculate the remainder when h is divided by 12.
11
Suppose 0 = 3*z - 4*h - 10, 0 = -4*z + 5*h + 9 + 4. Calculate the remainder when 4 is divided by z.
0
Suppose -j = 2*j - 12. What is the remainder when 19 is divided by j?
3
Let t = -35 - -23. Let m be (1/3)/((-2)/t). Suppose 75 = m*b + 3*b. Calculate the remainder when 43 is divided by b.
13
Let y(g) = -g**3 - g**2 - g + 2. Let v be y(0). Let l be 56/6 + v/(-6). Suppose -l - 24 = -3*w. What is the remainder when 41 is divided by w?
8
Suppose 2 = h - 0. Suppose 0 = -p - 5*n - 20, -3*p + 2*n - 5 = -13. Suppose 8 = -p*v + 4*v. What is the remainder when h is divided by v?
0
Let q = -50 - -113. Calculate the remainder when 2/(6/q) - 1 is divided by (1*-1)/(2/(-14)).
6
Suppose 127 = 8*l - 121. Calculate the remainder when 122 is divided by l.
29
Suppose -g + 9 = -10. Suppose l - 4*y = 5*l - 20, 5*y = 0. Calculate the remainder when g is divided by l.
4
Calculate the remainder when 34*(2 + 1/2) is divided by 22.
19
Let s(u) = u**2 - 21. Suppose 3*o - 4 = -4*f + 18, -3*o + f + 32 = 0. What is the remainder when o is divided by s(-5)?
2
Suppose -4*p = 4 - 32. Suppose -2*s + 46 + 37 = -3*q, -4*s + 167 = -5*q. Let t = s - 16. What is the remainder when t is divided by p?
6
What is the remainder when 65 is divided by (-408)/(-18) - 1/(-3)?
19
Suppose 4*f = -2*q + 44, q + 2*f - 5*f = 7. Calculate the remainder when 175 is divided by q.
15
Let r = 10 + -8. Suppose -2*s + 12 = -3*w, -3*s + r*w + 26 = 8. What is the remainder when 25 is divided by (-36)/6*s/(-4)?
7
Let j be ((-3)/(-2))/(1/(-12)). Let k(r) = r**3 + 7*r**2 - r - 3. What is the remainder when k(-7) is divided by j/(-10) - (-2)/10?
0
Suppose t - 4*t = -9. Suppose 3*q = 0, t*n - 24 = -4*q + 18. Calculate the remainder when 55 is divided by n.
13
Suppose p - 5*p + 96 = 0. Calculate the remainder when 93 is divided by p.
21
Let h = -30 - -47. Suppose 215 = 4*y + 5*v, -y - v + 53 = -0*v. Let m = y + -17. Calculate the remainder when m is divided by h.
16
Suppose -4*g + 76 = -48. Suppose -y = y - 16. Calculate the remainder when g is divided by y.
7
Let q = -3 + 8. Suppose 0 = -q*c - 10, r - 4*c - 31 = -9. What is the remainder when 53 is divided by r?
11
Let l = -8 + 19. What is the remainder when 32 is divided by l?
10
Let g(h) = h**3 - 3*h**2 + 2*h. Let r = -10 + 19. Let s be (-1)/(-2 - (-15)/r). What is the remainder when 10 is divided by g(s)?
4
Suppose -18 = -2*o + 3*m + 35, 4*o - 56 = -4*m. Let c = 12 + 1. What is the remainder when o is divided by c - 0 - 4/2?
8
Let x be ((-4)/1)/(2/4). Let i be (x/10)/(6/(-15)). Suppose -l - m + 12 = 0, i*l - 24 = -m + 6*m. What is the remainder when 35 is divided by l?
11
What is the remainder when 94 is divided by (6 + -8)*16/(-1)?
30
Suppose -t + 350 = 4*t. Calculate the remainder when t is divided by 36.
34
Let o(k) = -2*k + 12. Let i be o(9). Let c = i + 23. What is the remainder when c is divided by 9?
8
Let y = 49 - 8. Calculate the remainder when y is divided by 14.
13
Let r(t) = -t**3 + 11*t**2 + t + 4. Suppose 2*b + 172 = 3*x, -x - 2*x = -b - 170. Calculate the remainder when x is divided by r(11).
11
Let d(k) = k**3 + 4*k**2 - 5*k - 2. Suppose 0 = -4*x + 9*x + 20. Calculate the remainder when 69 is divided by d(x).
15
Suppose 2*c - 199 = -5*a, 0*c + 2*c = 4. Calculate the remainder when a is divided by 5.
4
Let y(t) = 59*t. Suppose -134 = -6*p - 62. What is the remainder when y(1) is divided by p?
11
Let w(q) = 9*q**2 - 7*q + 2. What is the remainder when w(3) is divided by 11?
7
Let m(a) = -8*a - 6. Let r be m(-5). Let b = r - 3. Suppose 4*p - 3*l - 35 = 0, -22 - 5 = -3*p + 2*l. Calculate the remainder when b is divided by p.
9
Let p = -10 - -52. What is the remainder when p is divided by 15?
12
Let m = 14 - 8. Calculate the remainder when m + (-2 - 1) + 3 is divided by 2.
0
Let v = -1 + 13. Calculate the remainder when 19 is divided by v.
7
Calculate the remainder when 26 is divided by 6 - (-2)/7*-7.
2
Suppose i + 2 - 10 = 0. Let d = -27 - -40. Calculate the remainder when d is divided by i.
5
Let w = -10 + 56. What is the remainder when w is divided by 12?
10
Suppose 0 = -2*i - 0*l + l + 1, 5*i = l + 7. Suppose -i*w = 4*t - 7*w - 834, 612 = 3*t + 3*w. Calculate the remainder when t/6 + (-6)/(-9) is divided by 12.
11
Suppose 4 = -c + 5*g, -52 = -4*c - 5*g - 18. What is the remainder when 21 is divided by c?
3
Suppose -3*q = 1 - 4. What is the remainder when 2 is divided by q?
0
Suppose -l = 3*o - 6, -l + 0*l + 3*o + 18 = 0. Suppose -3*c + 0*c = 0. Suppose c = -3*b - 0*b + 102. Calculate the remainder when b is divided by l.
10
What is the remainder when 5/((-50)/(-408))*10/3 is divided by 28?
24
Suppose 5*l + 8*l - 286 = 0. What is the remainder when 109 is divided by l?
21
Let s(u) = 2*u**2 + 6*u + 2. What is the remainder when s(-4) is divided by 2?
0
Suppose 0 = -2*a + 3 + 1. Let c be a*(-2)/(-2 - 0). Suppose -9 = -c*r - 5*l, -r - 1 = 2*l - 8. What is the remainder when 50 is divided by r?
16
Let v = -79 - -97. What is the remainder when 29 is divided by v?
11
What is the remainder when 54 is divided by (-3)/18 - (-335)/30?
10
Let o(s) = 5*s**2. Let c be o(-1). Suppose 5*l = l + c*v + 19, -l = 4*v - 10. Calculate the remainder when l is divided by 2.
0
Let c = -272 + 389. Suppose 4*f - c = f. Calculate the remainder when f is divided by 14.
11
Suppose 16 + 11 = 3*s. Calculate the remainder when s is divided by 4.
1
Let m = -11 + 55. Calculate the remainder when m is divided by 12.
8
Suppose 4*f + 3*v = -4, -4*v + 0*v = -3*f + 22. What is the remainder when 3 + (f - -33 - -3) is divided by 11?
8
Suppose -3*g = 2 - 5, -3*j - 5*g + 32 = 0. Suppose -4*y = -0*y - 140. Calculate the remainder when y is divided by j.
8
Let n(i) = 93*i**3 - i**2 + i + 1. Let s be n(-1). Let k = -64 - s. Suppose 0*a + 5*a - 55 = 0. Calculate the remainder when k is divided by a.
8
Suppose 2*j - 3*j + 4*m = 0, -4*j + 3*m = 0. Suppose -x - 4*x + 140 = j. Let q = x + -15. Calculate the remainder when 24 is divided by q.
11
Let p(o) = o**2 - 19. Let h be 14/2*(4 - 3). Calculate the remainder when p(h) is divided by 16.
14
Suppose 4*f = -2*b + 6*b + 20, 0 = 3*f - 5*b - 19. Let h = 87 - 86. What is the remainder when f is divided by h?
0
Let k = -57 + 41. What is the remainder when (68/k)/(1/(-8)) is divided by 2/6 + 53/3?
16
Let d be 44/16 + (-6)/8. Suppose -5*b + d*b = -45. Calculate the remainder when 29 is divided by b.
14
Let i = 117 - 57. C